lculate -3 + 9 + (1 + -19 + 8 - (11 - 25)).
10
Evaluate -36 - (30 + -48 + 33).
-51
Evaluate (-167 - -75) + 73 + -20.
-39
Calculate 7 + -1 + (-3 - -6) + (-1 + 9 - 13).
4
Evaluate 40 - (25 - (39 - 26) - 13).
41
What is (47 - 110) + 37 + 42?
16
What is -18 + 52 + -53 - (64 + -5)?
-78
What is the value of -59 + -2 + 1505 + -1438?
6
Evaluate 15 - (-286 + 279 + 0 + -65 - 9).
96
What is (9 - 3) + (14 - -2 - (178 + -117))?
-39
3 + -5 + (-49 - -73) - 77
-55
Calculate 8 + -8 + (6 - (4 - -1 - 9) - -47).
57
Calculate (6 - 26) + 5 + 9 + -2.
-8
What is -28 + 2 + -2 + (46 - 2 - 35)?
-19
What is (3 - -35) + 42 + -43?
37
Evaluate -23 + (-34 - -55) - (29 + 0 + (0 - -3)).
-34
Calculate -2 + -1 + -1 - (73 - (69 - 33)).
-41
Calculate -14 + -74 - (-44 - -35).
-79
Calculate 8 - ((61 - (6 - 8 - 3)) + 15 + -20).
-53
What is the value of 16 - 24 - ((7 - 2) + 13 + (2 - 10))?
-18
Calculate (20 - 2) + (22 - (14 + 15 + -16)).
27
What is the value of -7 + -2 + 138 + 62 + -97?
94
Calculate -8 - ((-5 + (12 - -15) - -2) + -5).
-27
Calculate 2 - 24 - (119 + -54 + -88).
1
Evaluate -1866 + 1854 - (-6 + 6 + 1 + -82).
69
-51 + -9 + -14 + 40 - (2 + -4 + 5)
-37
What is the value of -124 + 76 + 68 + -17?
3
Evaluate 321 + -282 - (1 - -33).
5
What is -35 + (692 - 681 - (-1 + 1))?
-24
Calculate (-1 + 4 - -10) + (4 + 13 - 17) + 10.
23
What is 27 + 1 + (-117 + 12 - -56)?
-21
Evaluate 21 - -3 - (0 + -9 + 17 + -8).
24
Evaluate -1 - -14 - (-11 - (31 - 23) - -19).
13
1477 - 1412 - (0 + 27)
38
Calculate 1 + (-6 - -5 - -12) + 0 + -14.
-2
45 + 7 + -87 - (0 + -16)
-19
-3 + (75 - (38 + -22 - (1 + 5)))
62
What is -1 - (178 - 153 - (14 + 0 + -1))?
-13
What is -24 - (-26 + 1 - (18 + 25))?
44
Calculate 12 + -2 - (0 - (6 - 8 - 0)) - -12.
20
Evaluate -9 - ((10 + 20 + 18 - -14) + 9).
-80
1 + -5 + (3 - (-65 - (17 - 50)))
31
Evaluate (-16 + 4 - 30) + (10 - (1 - -2)).
-35
-3 + -14 + -4 + (-9 - -4) + 2
-24
13 - (1 - (4 + -22 + 18)) - -43
55
-38 + -4 - (-23 - 37 - -41)
-23
Calculate 41 + 9 + (-10 - (0 - -20)) + 6.
26
Evaluate 6 + 1 - (-7 + -27).
41
What is -256 + 223 + (37 - -1) - 51?
-46
Calculate 77 - (90 + -13) - -71.
71
What is 29 + -62 - (-268 - -258)?
-23
Calculate 468 + -542 - (1 + (-9 - (4 - 3))).
-65
What is 151 + 122 + -68 + -182?
23
What is the value of 30 + (-35 - 10) - (-7 - 16)?
8
Calculate 250 + -204 - (122 - 1).
-75
(-4 - (8 - ((25 - -11) + -13))) + 17
28
Calculate -23 + 0 + (21 - 12 - 3) + -4 + 8.
-13
Calculate -166 + 124 - -138 - 77.
19
What is the value of -64 - (-95 - -15) - (0 + 10)?
6
What is the value of -8 - (9 - (-16 + 50) - -19)?
-2
Evaluate 19 - (-2 + -6 - -42).
-15
-15 - ((-50 - -12) + -28)
51
-24 - (-76 + 54) - 11
-13
What is -37 + 95 + -72 + (-6 - -21)?
1
What is (6 - ((-7 - -20) + -1)) + (4 - 8 - -68)?
58
Evaluate -12 - -50 - 3 - (-1 - -123).
-87
64 - (10 - (-6 - 10 - -11 - -6))
55
16 - (12 - (-2 - 22 - (-98 + 112)))
-34
What is the value of -143 + 56 - -79 - (-14 + (3 - 0))?
3
What is the value of -21 + 2 - (-5 + -63 + 87)?
-38
What is the value of 49 - 35 - (-3 + -3)?
20
What is (-183 - -169) + (-24 - -5) + 0 + -3?
-36
(9 + -3 - -4) + (-69 - -56)
-3
Calculate -1 + 8 + 32 + 10 + 248 + -281.
16
Calculate 17 + 0 + (0 - 0) + (47 - 101).
-37
What is -81 - -4 - (84 - (-82 - -141))?
-102
What is the value of (-334 - (-201 + -6)) + 3 + -1 + 0?
-125
Calculate 56 - (-45 + 29 + 21).
51
Evaluate -22 - -1 - (-141 - (-122 - 79)).
-81
What is 0 - (10 + -1) - (13480 + -13423)?
-66
Evaluate -14 + 5 + (-9 - -18 - (-26 + 11 + 18)).
-3
What is 53 + (39 - 62 - 53)?
-23
Calculate -5 + (1 - 70) + 18 + 3 + 4.
-49
24 + (67 + -50 - 51)
-10
What is the value of (-4 - 1) + 2 + (73 - (5 - 10) - 8)?
67
4 + -1 - (-75 + 72) - 7 - (-12 - -60)
-49
0 - 38 - (184 - (284 - 123))
-61
Calculate 2 - (2 + (-19 - 0) + -10) - 7.
22
Calculate -34 + 73 + -177 + 19 - 3.
-122
What is -121 + 140 + (-87 - 41)?
-109
Calculate -70 + 93 - (2 + -12) - -108.
141
Evaluate (7 - 11) + -50 + 15 + -8.
-47
What is the value of (43 - 0) + -19 + -4?
20
What is 1 + -4 + 26 + (-15 - 3) + -3 + 53?
55
What is the value of (3 - 27) + 89 + (-4 - -4)?
65
What is the value of 573 - 606 - (-34 + 0)?
1
What is 48 + 33 + 6 + -89 + 29?
27
Evaluate 356 + -149 + -167 - (8 + 0).
32
What is 0 - ((4 - (6 + -10)) + (7 - 23) + 99)?
-91
What is 4 + (-5 - 1) - 1 - (-20 - 5)?
22
What is the value of -27 + (-36 - -16) - 39 - (-6 - 1)?
-79
Calculate 43 - 54 - (-12 - 22).
23
What is (0 - (1 - 1)) + 39 + (34 - 41)?
32
Calculate -96 + 1 + -25 + -13 - -13.
-120
What is 2 - -1 - -2 - ((-60 - -18) + -24) - 6?
65
Evaluate -61 - (62 - (5 - -137)).
19
Evaluate -1 + -51 + 57 + -54 + (0 - 1).
-50
What is -6 + -1 + 6 - (208 - 226)?
17
What is the value of 78 + (18 + -5 - 23 - -19) + -14?
73
(60 - -62) + -8 + (61 - 30)
145
Evaluate -32 - 0 - (-660 - -672).
-44
What is the value of (19 - 16) + -4 + 13 + -9 - (-2 + -9)?
14
Evaluate (-69 - -42 - (-27 - -3)) + 38.
35
What is the value of 6 - -27 - 21 - (-43 - (-3 - (1 + -3)))?
54
Calculate 10 - (26 + -32 - ((-15 - 75) + (3 - 8))).
-79
Evaluate 54 + -68 + 84 + -33.
37
Calculate (14 - (5 + -32 - -18)) + -8.
15
88 + 14 + -19 - (3 + (2 - -8))
70
What is the value of -70 + -47 + 116 - -42?
41
((16 - 3) + -9 + -21 - 50) + -21
-88
(60 - -49 - 143) + 58
24
Evaluate 4 - (-1 + -40) - (170 - 186).
61
(-7 - -7 - 34) + -29 + 10
-53
What is the value of -2 + -5 + 0 - (-25 - 10)?
28
Evaluate 267 - 352 - (40 + -6).
-119
Calculate -17 + (10 - 9 - (-63 + 28)).
19
Evaluate -35 + -6 + -41 + 30 - (3 - (-2 + -1)).
-58
What is (20 + -48 - -16) + -6 + 1 + 70?
53
Evaluate 50 + -28 + -7 + -28.
-13
Evaluate 3 + (-8 - (-19 + 17)) + (-1 - -13 - 4).
5
What is -8 - 1 - (2 - 21 - (21 - -25 - -5))?
61
Evaluate 68 + (13 - 102) - (1 + 22).
-44
What is 6 - (24 + 5 - -11)?
-34
Evaluate 17 + -12 + 7 + -28 + 13.
-3
Calculate (-2 + 15 - -8) + -20 + (30 - 14).
17
Evaluate 7 - (39 + (1 + 1 - 3 - -12)).
-43
What is (1 - 35) + -1 - (10 + (49 - 54 - 17))?
-23
What is (8 - (79 + (-26 - 0))) + 2?
-43
Evaluate -22 - ((-23 + 14 + 7 - -9) + -15).
-14
(3 + (-52 - -79) - (38 + -3)) + (0 - 10)
-15
What is -2 + -21 - (6 + -17 + (-22 - -56) + -21)?
-25
-1 + (23 - 0) + 54 + -40 + -2
34
-5 + 51 - (108 + -36 - -14)
-40
Evaluate -95 + -2 - (-6 + (-13 - -16 - 2)) - -4.
-88
What is the value of -49 - (-35 - -32 - 36)?
-10
What is the value of -12 - (-12 + 25 + -12) - -1 - (-9 - -1)?
-4
Evaluate -155 - (76 - 99 - 107).
-25
Calculate 39 + -43 - (15 + -1 + -9 + 0).
-9
Evaluate (-274 - -122 - -143) + 129.
120
What is the value of 13 + (9 - 27) - (-2 + 4 + 13)?
-20
29 + -27 + (-5 - 3 - 3) - -66
57
What is (11 - (16 + 1)) + (-78 + 2 - 22)?
-104
Calculate (23 - 74) + 79 - 13.
15
What is the value of 233 + -133 + -21 + -26?
53
What is -42 + (51 - -3 - 16)?
-4
What is (5 - (-99 - -128)) + (8 - 0)?
-16
What is the value of 17 - -14 - 25 - (-52 + (-9 - -19))?
48
Evaluate (1 - 3) + (81 - 129) - -17.
-33
What is (-23 - -24) + -2 + -10 + (-29 - -33)?
-7
Evaluate 1 + 0 - (31 + -6 + (26 - -11)).
-61
Calculate 0 + 3 + 5 + 72 - (1 - (7 + -13)).
73
What is the value of 16 + 346 + -378 + (3 - 0)?
-13
-81 - (2 - 25 - (-68 + 38))
-88
Calculate 39 - 28 - 20 - 28.
-37
Evaluate (10 - -5 - 22) + 23 - 11.
5
What is (-55 - (-4 - 13)) + 9 + 143?
114
Evaluate 38 + -10 - (-128 - -107).
49
19 + 28 + (-37 - -11) - 68
-47
Evaluate 2 + -1 + -5 + -98 + 440 + -209.
129
What is the value of (-1 - -2) + 1895 + -1959?
-63
Evaluate -6 + 48 + (6 - (7 - -4)) + -2.
35
What is the value of 83 - 104 - (40 + 8)?
-69
(17 - (-85 + 140)) + -34
-72
-5 - (1 - -30) - 14
-50
Calculate 28 - (-21 - -10 - -29) - 19.
-9
What is (0 - -3) + -8 + (50 + (-14 - -13) - 13)?
31
Calculate (-218 - -206) + ((-1 - 0) + -3 - -3).
-13
Calculate 0 + (73 - -53 - 114).
12
Calculate (-4 - (-19 + 31 - (27 - 0))) + (-33 - 0).
-22
-59 - (9 + 61 + -202)
73
Evaluate 88 + -51 - (-10 - -2).
45
Evaluate -111 - 1 - -192 - 13.
67
Evaluate 80 - 116 - -19 - (-1 - -15).
-31
(-3 - -5) + -6 + 5 - (836 + -767)
-68
Evaluate -53 + (5 - -22) + 5 + 68.
47
(-2 - -23) + -2 + 4 - (126 + -76 - 51)
24
13 - -6 - (110 - 72)
-19
What is the value of (-2 + -1 - (-52 - (-56 - -11))) + -8?
-4
What is 24 + -18 + 13 + 35 + 57?
111
What is -29 - (-38 - (-34 + -16 - 23))?
-64
Evaluate -289 + 47 - (114 + -212).
-144
Evaluate (-3 + -1 - 1) + 4 + (-6 - -10) + -63.
-60
-392 + 429 - (8 - 33)
62
W